vided by 51.
37
What is the remainder when 1425982 is divided by 224?
222
What is the remainder when 21634 is divided by 62?
58
Calculate the remainder when 9403 is divided by 8.
3
Calculate the remainder when 5553 is divided by 388.
121
What is the remainder when 883414 is divided by 294462?
28
Calculate the remainder when 7462 is divided by 258.
238
Calculate the remainder when 10167 is divided by 2499.
171
What is the remainder when 2760 is divided by 61?
15
What is the remainder when 38484 is divided by 7?
5
Calculate the remainder when 13558 is divided by 6775.
8
What is the remainder when 38243 is divided by 19056?
131
What is the remainder when 1029 is divided by 283?
180
Calculate the remainder when 479 is divided by 193.
93
What is the remainder when 14396 is divided by 1102?
70
Calculate the remainder when 175681 is divided by 12.
1
Calculate the remainder when 24859 is divided by 24.
19
Calculate the remainder when 51511 is divided by 6.
1
What is the remainder when 560 is divided by 76?
28
What is the remainder when 10929 is divided by 313?
287
Calculate the remainder when 68 is divided by 4.
0
Calculate the remainder when 187679 is divided by 47.
8
Calculate the remainder when 104580 is divided by 503.
459
What is the remainder when 1774 is divided by 453?
415
What is the remainder when 67885 is divided by 231?
202
Calculate the remainder when 364544 is divided by 3758.
18
Calculate the remainder when 143906 is divided by 89.
82
What is the remainder when 438141 is divided by 87628?
1
Calculate the remainder when 887 is divided by 274.
65
What is the remainder when 112222 is divided by 21?
19
Calculate the remainder when 19722 is divided by 17.
2
Calculate the remainder when 13892 is divided by 4618.
38
Calculate the remainder when 1794 is divided by 174.
54
What is the remainder when 2122 is divided by 4?
2
Calculate the remainder when 675217 is divided by 182.
179
What is the remainder when 9654 is divided by 3173?
135
Calculate the remainder when 157821 is divided by 1533.
1455
What is the remainder when 1204 is divided by 808?
396
Calculate the remainder when 340614 is divided by 605.
604
What is the remainder when 75795 is divided by 20?
15
Calculate the remainder when 9427 is divided by 215.
182
Calculate the remainder when 5153956 is divided by 70.
66
What is the remainder when 1808 is divided by 37?
32
Calculate the remainder when 13407 is divided by 75.
57
What is the remainder when 4316 is divided by 64?
28
What is the remainder when 2358 is divided by 1339?
1019
Calculate the remainder when 1047334 is divided by 51.
49
Calculate the remainder when 11636 is divided by 137.
128
Calculate the remainder when 22998 is divided by 51.
48
Calculate the remainder when 185510 is divided by 98.
94
Calculate the remainder when 12177 is divided by 792.
297
Calculate the remainder when 373551 is divided by 9.
6
What is the remainder when 5174727 is divided by 33?
30
What is the remainder when 15767 is divided by 34?
25
What is the remainder when 6898 is divided by 3445?
8
What is the remainder when 2556 is divided by 834?
54
What is the remainder when 92351 is divided by 192?
191
Calculate the remainder when 1184 is divided by 2.
0
What is the remainder when 1829 is divided by 65?
9
Calculate the remainder when 160759 is divided by 395.
389
Calculate the remainder when 4899 is divided by 1099.
503
What is the remainder when 1263492 is divided by 421161?
9
What is the remainder when 15705 is divided by 302?
1
Calculate the remainder when 33736 is divided by 6504.
1216
Calculate the remainder when 39282 is divided by 9.
6
Calculate the remainder when 109943 is divided by 36577.
212
What is the remainder when 21706 is divided by 71?
51
Calculate the remainder when 9856 is divided by 1094.
10
What is the remainder when 2081 is divided by 98?
23
What is the remainder when 843041 is divided by 894?
893
What is the remainder when 637504 is divided by 13?
10
Calculate the remainder when 5382 is divided by 22.
14
Calculate the remainder when 59558 is divided by 80.
38
Calculate the remainder when 16333034 is divided by 673.
670
What is the remainder when 934 is divided by 749?
185
What is the remainder when 71673 is divided by 22?
19
Calculate the remainder when 161933 is divided by 254.
135
What is the remainder when 1266 is divided by 73?
25
What is the remainder when 11559 is divided by 25?
9
What is the remainder when 137153 is divided by 1805?
1778
Calculate the remainder when 35474 is divided by 438.
434
What is the remainder when 2964 is divided by 498?
474
What is the remainder when 23926 is divided by 232?
30
What is the remainder when 116664 is divided by 141?
57
Calculate the remainder when 19177 is divided by 82.
71
Calculate the remainder when 675 is divided by 75.
0
What is the remainder when 572 is divided by 115?
112
Calculate the remainder when 4768 is divided by 1541.
145
Calculate the remainder when 257566 is divided by 815.
26
Calculate the remainder when 38483 is divided by 423.
413
What is the remainder when 629 is divided by 67?
26
What is the remainder when 12348 is divided by 589?
568
What is the remainder when 8733 is divided by 243?
228
Calculate the remainder when 193161 is divided by 7726.
11
Calculate the remainder when 48929 is divided by 400.
129
What is the remainder when 84554 is divided by 20?
14
What is the remainder when 137681 is divided by 623?
621
Calculate the remainder when 349245 is divided by 1284.
1281
What is the remainder when 14370 is divided by 867?
498
What is the remainder when 867832 is divided by 974?
972
What is the remainder when 9334 is divided by 3100?
34
What is the remainder when 8829 is divided by 1758?
39
Calculate the remainder when 28051 is divided by 78.
49
What is the remainder when 381 is divided by 108?
57
Calculate the remainder when 65875 is divided by 6576.
115
Calculate the remainder when 22910 is divided by 21.
20
Calculate the remainder when 54086 is divided by 5407.
16
Calculate the remainder when 37715 is divided by 127.
123
What is the remainder when 8409 is divided by 625?
284
Calculate the remainder when 11159 is divided by 1391.
31
What is the remainder when 26926 is divided by 13463?
0
Calculate the remainder when 487050 is divided by 537.
528
What is the remainder when 107740 is divided by 74?
70
What is the remainder when 37255 is divided by 96?
7
What is the remainder when 109880 is divided by 332?
320
What is the remainder when 12362 is divided by 881?
28
What is the remainder when 202229 is divided by 16852?
5
What is the remainder when 451131 is divided by 608?
603
What is the remainder when 26199 is divided by 273?
264
Calculate the remainder when 163636 is divided by 20.
16
Calculate the remainder when 8249 is divided by 4007.
235
What is the remainder when 674 is divided by 46?
30
Calculate the remainder when 1820 is divided by 590.
50
Calculate the remainder when 7061 is divided by 415.
6
What is the remainder when 1121317 is divided by 60?
37
Calculate the remainder when 114144 is divided by 502.
190
Calculate the remainder when 11683 is divided by 1318.
1139
What is the remainder when 29966 is divided by 81?
77
Calculate the remainder when 952 is divided by 159.
157
Calculate the remainder when 25627 is divided by 12739.
149
What is the remainder when 107858 is divided by 17968?
50
Calculate the remainder when 1086 is divided by 15.
6
What is the remainder when 41758 is divided by 2489?
1934
Calculate the remainder when 71771 is divided by 18.
5
Calculate the remainder when 9317 is divided by 1539.
83
What is the remainder when 239 is divided by 114?
11
Calculate the remainder when 3872 is divided by 8.
0
Calculate the remainder when 217760 is divided by 21.
11
Calculate the remainder when 162283 is divided by 949.
4
Calculate the remainder when 49513 is divided by 4494.
79
What is the remainder when 73196 is divided by 164?
52
What is the remainder when 3631 is divided by 124?
35
What is the remainder when 515197 is divided by 128798?
5
Calculate the remainder when 9599 is divided by 20.
19
Calculate the remainder when 10987 is divided by 65.
2
What is the remainder when 35585 is divided by 775?
710
Calculate the remainder when 9458 is divided by